/20 + a**4/12 - a**2/2 + a. Let q(x) = -4*g(x) - z(x). Give q(3).
-2
Let j(c) = 4*c. Suppose -5*o + 3*m + 15 = 0, -2*m + 3*m = -3*o + 9. Suppose 0 + 6 = -z + 2*r, o*z - 5*r + 14 = 0. What is j(z)?
8
Suppose 0 = -2*k + 3 + 3. Suppose -5*i = -g - 4*g - 10, k*g = -i - 2. Suppose -4*v + 11 + i = 4*m, 0 = -4*m + 8. Let n(w) = -7*w**3 + 2*w**2 - w. What is n(v)?
-6
Let l(d) = d**2 + d + 1. Let c be l(0). Suppose w + 26 = -5*i + 3, -4*w + 4*i = -28. Let n(f) = 3*f - c + f - w*f. Give n(-3).
-7
Suppose -4*p = -0*p - 12. Suppose -w + 2*z - 6 = -p*w, -7 = -3*w - 5*z. Let b(m) = 1 + 3*m + m - 5*m + w*m**2 + m**3. What is b(-4)?
5
Let d(t) = 43 - 29 - t - 26. Give d(-7).
-5
Let u(w) = -w**2 + 4*w + 3. Let c = 0 - -4. Determine u(c).
3
Let x(c) = 35*c - 64*c + 3 + c**2 + 35*c - 4. Calculate x(-7).
6
Let v(u) be the first derivative of u**4/4 - u**3/3 - u**2/2 + 2*u - 2. Let d = 16 - 16. Determine v(d).
2
Let b(j) = 4*j**2 - 10*j + 8. Let w(a) = a**2 - a + 1. Let z(d) = b(d) - 5*w(d). What is z(-6)?
-3
Suppose 5*w = -0*w. Suppose 4*b + 2*n - n + 1 = w, 4*b - 3*n = 3. Let i(s) = 2*s - 2*s + 6 - s + 0*s. Determine i(b).
6
Let v(w) be the first derivative of w**2/2 + w + 22. Let k(n) = n + 6. Let q be k(-6). Let t = q + 1. Calculate v(t).
2
Let d(l) = l - 3. Let b(w) = -2*w + 5. Let k(a) = 3*b(a) + 7*d(a). Let z(t) = 6 + 4 - 3 - 2*t + 4. Let n(c) = 7*k(c) + 4*z(c). What is n(1)?
1
Let f = -149 - -154. Let l(m) = m**2 - 4*m + 4. Determine l(f).
9
Let c be (-16)/(-6)*(-45)/(-20). Suppose c = -0*w + 3*w. Let j(o) = 0*o**3 + 4*o**2 + 2*o - w - o**2 + 2*o**3. Give j(-2).
-10
Let k(m) = -4*m - 11. Let u(c) = -c - 1. Let d(b) = k(b) - 3*u(b). Let w be 4*-1*(-15)/(-20). Let t be ((w + 2)*0)/2. What is d(t)?
-8
Let b = -13 + 10. Let h(m) = -3*m**2 + 3*m + 4 + 5*m**2 - m**2 + 0*m**2. Calculate h(b).
4
Let j(w) be the third derivative of w**8/3360 - w**6/240 + w**5/120 - w**4/12 - 2*w**2. Let o(x) be the second derivative of j(x). Give o(2).
11
Let w(n) = n**2 + 8*n. Let g(r) = 2*r + 1. Let c be g(-4). Give w(c).
-7
Suppose -13 + 1 = -2*u. Let m(o) = 2*o - 9. Let k be m(u). Let r(y) = -y**2 + y + 3. Determine r(k).
-3
Let r be 8/(-1)*(-1)/(-2). Suppose 0*d = 2*d - 10. Let l(y) = 3 + d + y - 4. Determine l(r).
0
Let t(v) = v + 2. Let m be t(-1). Let d = m - 6. Let c(l) = -l - 6. Give c(d).
-1
Let h(t) = 4*t**3 + t**2 - t + 1. Let c be h(1). Let v(k) = c*k + 1 - 3*k + 1 - 3. Calculate v(1).
1
Let k(m) = -m**3 + 3*m**2 - 3*m. Let v be 0 + 1 - (-4)/2. Suppose -v = -z + 1. Suppose z*f + 4 = 2*u, -5*u = 3*f - 2 - 8. Determine k(u).
-2
Let t(p) = -p**2 - 2 + 2*p + 40*p**3 - p - 2*p**2 - 38*p**3. Give t(2).
4
Suppose 4*f - 26 = -2*c, -2*f - 2*c + 21 = f. Let x(p) = -p**3 + 3*p**2 + 6*p + 6. Calculate x(f).
-14
Suppose -y + 5*o - 3 = 0, -2*o = -4*y + 2*y - 6. Let j = -4 - y. Let t(r) = 0 + r**2 + 4 - 3. Calculate t(j).
2
Let q be 0 + (3 + 124/(-32) - -1). Let b(n) be the third derivative of 0 + 0*n - 1/30*n**5 - 2*n**2 + q*n**4 - 1/6*n**3. Determine b(2).
-3
Let o(i) = 30*i**2 - 5*i + 2*i - 35*i**2. Calculate o(-2).
-14
Let q(s) = 29 - 32 + 4*s + 2*s**2 - 2*s - 3*s**2. What is q(2)?
-3
Let a(i) = -5*i**2 - 2*i**2 + 0*i**2 + i**2 - 10 + 6*i - i**3. Let p be a(-7). Let t(m) = m**3 + 16*m - 16*m + 4 + 2*m**2. Calculate t(p).
-5
Let s(k) = k**2 + 3 + k**2 + k - 3*k**2. Calculate s(-3).
-9
Let c(s) = -s. Suppose 2*z + 30 = -0*a - 4*a, 0 = -5*a + 2*z - 24. Let k = a + 12. Suppose w - k*w = -15. Give c(w).
-3
Suppose 0 = 4*d + 7 + 17. Let x(j) = 3*j**2 + 7*j - 2 - j**2 + 0*j - j**2. Give x(d).
-8
Let b(s) = -s**2 + 2*s + 1. Suppose 3*g + q - 7 = 0, 0 = g + 3*q + 3. Calculate b(g).
-2
Let y = -125 + 121. Let a(r) = -3*r - 3. Calculate a(y).
9
Let i be -1 + -1 - (16 + -20). Let c(h) be the second derivative of -1/12*h**4 + h + 0 - 1/6*h**3 + 3/2*h**i. Determine c(0).
3
Let j(i) = -5*i**2 + 6*i**2 - i - 8*i**2 - 2. Suppose 2 = -m - 1. Let g(c) = -8*c**2 - c - 3. Let y(d) = m*j(d) + 2*g(d). Determine y(-1).
4
Let m(k) = k**3 + 3*k**2 - k. Let s be m(-2). Let r(j) = -j**3 + 5*j**2 + 5*j + 8. Calculate r(s).
2
Let g(t) = t**2 - 6*t - 7. Let n be g(7). Suppose n*i + 4*i = 20. Let w(c) be the second derivative of -c**3/3 - c**2 + 2*c. Give w(i).
-12
Let k(z) = z**2 + 7*z + 6. Let b = -8 - -1. Calculate k(b).
6
Let z = -8 + 9. Suppose -j + 1 = -z. Let c(g) = 2*g**2 - 2. Give c(j).
6
Let u = 65 + 11. Let a be u/18 - (-4)/(-18). Suppose h - a = -0. Let n(s) = s**2 - s - 1. Determine n(h).
11
Suppose -3*c = 2*b - 3*b - 13, -4*c + 14 = 2*b. Let t(m) = m + 1. Let x(o) = o**3 + 4*o + 10. Let l(y) = b*x(y) + 4*t(y). Calculate l(0).
-6
Let i(m) = -m**2 - 4*m + 7. Suppose 4*f + 0*t + 18 = 2*t, -2*f + 4*t = 6. Calculate i(f).
2
Let y(w) = -w - 1. Let b(q) = -q**2 - 9*q + 7. Let m(o) = b(o) - 3*y(o). Let a be m(-7). Let s(i) = -3 - a*i + i + 3. Calculate s(-2).
4
Let x = -2 - -4. Let t(z) = 2 - x + 1 + z. Let w be (2 - (-12)/(-18))/((-2)/(-6)). Calculate t(w).
5
Let n = 1 + -4. Suppose 10 = 3*k - 2*l, k + 4*l + 8 = 2. Let r(b) = -3*b + 0*b - k - 1 + 0. What is r(n)?
6
Let y be ((-20)/(-5) - -2) + -4. Let o(c) = -c**3 - c**2 + c - 1. Calculate o(y).
-11
Let w(s) be the first derivative of s**4/24 - s**3/3 - s**2 - 2. Let m(q) be the second derivative of w(q). Give m(-5).
-7
Let u(z) = -2*z - z + 2*z - z - 9. Give u(-6).
3
Let n(u) = 4*u - 5. Let x(g) = -9*g + 11. Let l(k) = 7*n(k) + 3*x(k). Let w = -1 + 5. Determine l(w).
2
Let d(z) = -z**3 + 2*z**2 + 7*z - 5. Let j = -71 + 75. Determine d(j).
-9
Let g(w) = -w**2 + 6*w - 2. Let r be -1 - -6 - (2 - -1). Let j be -1*r + -3 + -3. Let h be j/(-1)*3/6. Determine g(h).
6
Suppose -5*r + 7 = 4*x, r + 0*x - 2*x - 7 = 0. Let f(o) = -6*o. What is f(r)?
-18
Let g(j) = 4*j + 87 - 173 + 90. Determine g(-3).
-8
Let c(u) be the third derivative of -7*u**5/120 + u**3/3 + 6*u**2. Let k(t) be the first derivative of c(t). Give k(1).
-7
Suppose -3 = 7*v - 6*v. Let y(i) = i**3 + 5*i**2 + 5*i + 3. What is y(v)?
6
Let l = 68 - 72. Let o(b) = b**3 + 3*b**2 - 3*b + 5. Give o(l).
1
Let w(r) = -4*r + 3*r - r**3 - 5*r**2 - 7 + 5*r**2 - 7*r**2. Calculate w(-7).
0
Let f(p) = 2*p**3 + 2*p**2 + p + 2. Suppose -g + 3*a + 8 = -4, 2*a = -10. Let o be (14/21)/(1/g). Calculate f(o).
-8
Suppose 0 = -4*t - 20 + 4. Let o = 21 - 20. Let i = t + o. Let z(g) = -g - 6. Give z(i).
-3
Let n = 5 - 8. Let a(z) = -1 - 8 + 5 - z. Give a(n).
-1
Suppose 0 = d + t, -d + 1 + 0 = 2*t. Let y = 1 - d. Let m(h) = -h**2 + 4*h**2 - 2*h**y + 3*h - 5. Determine m(-4).
-1
Let q(f) = 3*f**3 + 4*f - f - 4*f**3 + 5*f**2 - 4 - 6*f. What is q(5)?
-19
Let n(u) = -u + 5. Suppose -6 = -5*g + 3*k, g = -g - 5*k - 10. Suppose g = 3*r - 14 - 1. Determine n(r).
0
Suppose -2*i + 8 = 2*y - 0*y, -y = -3. Let c be (i*-3)/(9/12). Let a(q) = q**2 + 3*q + 6. Give a(c).
10
Let f(v) = -3*v - 3*v**3 + 3*v**3 + 1 - v**3 + 5*v. Let a(q) = -q**2 + 3*q + 4. Let p be a(5). Let o(l) = l**2 + 5*l - 4. Let k be o(p). What is f(k)?
-3
Let y(b) = 11*b**2 + 2*b - 3. Let n(a) = 0 - 3*a - 5*a**2 + 2*a + 1. Let c(m) = 13*n(m) + 6*y(m). Determine c(0).
-5
Let o(y) = y**3 - y + 2. Let l be -4 + 216/52 + 112/(-52). Calculate o(l).
-4
Let a = 35 + -34. Let q(i) be the first derivative of -i**2/2 - i - 1. Determine q(a).
-2
Let h be (8/(-10))/(4/(-10)). Let a(j) = j + 6*j**2 + 0 - j**3 - h*j - 4*j - 1. What is a(5)?
-1
Let k(h) = 4*h + 3*h**2 - 3 - 3*h**2 - h**2 - 1. Give k(4).
-4
Let n(f) = f**3 - 4*f**2 - 5*f - 5. Suppose u - 3 = -2*j, -2*j + 5*u + 11 = j. Let d(i) = -2 + j*i - 2 + 1 - 2. Let w be d(5). Give n(w).
-5
Let l(x) = 4 + 4 + x**2 - 8. Suppose d - 7 = -j, 2*j - 13 = 2*d + 5. Suppose 3*w + 0*a = a + j, 5*a = 5*w - 10. What is l(w)?
9
Suppose -4*v + 2*v - 2 = 0. Let f(u) = -u**2 - u. Let w(k) = k**3 + 7*k**2 + 7*k + 1. Let b(q) = -6*f(q) - w(q). What is b(v)?
0
Let g(n) be the third derivative of -n**8/20160 - n**7/1008 + n**6/120 - n**5/15 - 5*n**2. Let x(l) be the third derivative of g(l). What is x(-5)?
6
Let i(u) = u**2 + u - 1. Suppose -4*v = 4*j + 8, 0 = 2*j - v + 2*v. Give i(j).
5
Let u(x) = x**2 - 4*x. Let o = 9 - 7. Suppose 2*w + 3*t = 1, 0 = 2*w + o*w - t - 23. Suppose -2*g - 3*r - 8 = -g, -24 = -g + w*r. Determine u(g).
0
Let n(h) be the third derivative of 0*h + 1/2*h**3 + 1/24*h**4 + 0 + 4*h**2. What is n(0)?
3
Let p(v) = -2*v + 3. 